3*m - m - 13. What is the units digit of m?
9
Let m be 9/4*(224/21 + -8). Let l(c) = 6*c**2 - c - 35. What is the hundreds digit of l(m)?
1
Suppose -228*j = 2669281 - 9010189. What is the ten thousands digit of j?
2
Let x = -281 - -284. Suppose 120 = -x*o - t + 1649, o - 3*t - 493 = 0. What is the units digit of o?
8
Suppose 3*r + r = 56. Let z be ((18/(-8))/(-3))/(r/1008). Suppose 3*g = -15, 0 = -5*d - 5*g + z + 501. What is the hundreds digit of d?
1
What is the hundreds digit of (3 + 2434)*128/32?
7
Let c(r) = -4*r**3 - r**2 + 3*r + 1. Suppose 4*s + 0*s + 8 = 0. Let g be c(s). Suppose -g = -8*k + 305. What is the tens digit of k?
4
Suppose 0 = 136*a - 138*a - z + 28506, a - 14262 = -2*z. What is the tens digit of a?
5
Let i = 2670 - 1871. Let z(c) = c**3 + 27*c**2 + 112*c + 7. Let t be z(-20). Let p = i - t. What is the hundreds digit of p?
2
Suppose 17*q - 163847 - 53661 = -21855. What is the hundreds digit of q?
5
What is the tens digit of ((-28)/8)/((-8385)/(-4194) + -2)?
9
Suppose -760 = -4*l - 4*b, b = l - 102 - 88. Let h = l + -113. What is the units digit of h?
7
Suppose 2*h + 21 = -2*k + 79, 2*h - 5*k = 65. Suppose 4*g = 6*g - 10. Suppose -3*f + g*f = h. What is the units digit of f?
5
Let l be 3/(2/(-10) + (-196)/(-805)). Let b = 45 - l. What is the hundreds digit of (46*-1)/(8/b)?
1
Let s = -151 + -249. Let a = 618 + s. What is the units digit of a?
8
Let w(c) = -11*c**2 - 3 - 10*c + 6*c**2 - 5 + 6*c**2. Let n be w(11). Suppose -2*z - n*m = -69, 2*z - 5*m - 119 = -26. What is the tens digit of z?
3
Suppose 8*o - 55 = 393. Let q = -115 + o. Let i = 109 + q. What is the tens digit of i?
5
Suppose 37*d - 338692 = -83281. What is the tens digit of d?
0
Suppose -2*h + 4*h = -5*w + 1746, -w + 3*h = -356. Suppose 5*t - 270 - w = 0. What is the hundreds digit of t?
1
Let u = -69815 + 120024. What is the ten thousands digit of u?
5
Let y(l) = -24 - 11*l**3 - 24*l**2 + 12*l**3 + 20*l**2 + 11*l. What is the units digit of y(7)?
0
Let v(c) be the third derivative of c**6/120 + 2*c**5/15 - c**4/24 + 8*c**3/3 + 16*c**2. Let u be v(-7). What is the tens digit of u + 2 + 3 + -4?
7
Let g(s) = 28*s + 36. Let p = 16 + 0. Suppose -w + 15 = -d + 2, -p = 4*d. What is the hundreds digit of g(w)?
2
Suppose 21 + 5 = -13*g. What is the units digit of (-9 - g - -6)*-347?
7
Suppose 5*l + 2*z - 44 = -0*l, 65 = 5*l - 5*z. Let j be 1966/12 + l/60. Suppose 64 = 12*b - j. What is the tens digit of b?
1
Let r(x) = x**2 + 6*x - 39. Suppose -66*c + 64*c = -28. What is the tens digit of r(c)?
4
Let b = 12657 - 4258. What is the thousands digit of b?
8
Let p be (-6)/(-27) - ((-68)/18 + -3). Let x = p - -175. Let s = x - 64. What is the tens digit of s?
1
Suppose -4*c + 2*l + 22292 = 0, 2*l = 5*c + 6*l - 27878. What is the thousands digit of c?
5
Let l = 5024 + 1370. What is the tens digit of l?
9
Let j(l) = l**2 + l - 15. Let q be j(4). Suppose -3657 = -4*w + 4*k + 131, -q*w + k + 4727 = 0. Suppose 2*f = 9*f - w. What is the units digit of f?
5
Let o(b) = 2*b**3 + 11*b + 2785. What is the thousands digit of o(0)?
2
Let v(k) = k**3 - 8*k**2 + 51*k - 136. What is the units digit of v(20)?
4
Let b be (-19)/(-3) - 2/(-3). Suppose 0 = 12*o + 4*o - 320. Suppose l - o - b = 0. What is the units digit of l?
7
Let k(b) = 1 - 7*b**2 + 8*b**2 + 58*b**3 - 4*b - 3*b. What is the units digit of k(2)?
5
Suppose -6*r + 15*r - 81 = 0. Suppose -1877 = -r*y + 7*y + b, -2*b - 2 = 0. What is the hundreds digit of y?
9
Let l(n) be the second derivative of -281*n**3/6 - n**2 + 2*n + 7. What is the units digit of l(-1)?
9
What is the thousands digit of (-27925)/15*(-2277)/165?
5
Let d = 512 + 3200. What is the hundreds digit of d?
7
Suppose -656 = 5*c - 21*c. Suppose -x + 2*m = 27 - c, 2*m = 3*x - 38. What is the tens digit of x?
1
Let l(s) = 8 - 16 - 2*s + s - 11*s**3 + 10 + 2*s**2. Let m be l(2). What is the units digit of (104/(-10))/(16/m)?
2
What is the tens digit of 4/((-6)/(-1235 + -1))?
2
Let w(h) = -h**3 + 8*h**2 - 13*h + 17. Let i be w(9). Let d = 129 - i. What is the units digit of d?
0
Let i(x) = 30*x**2 - 14*x - 53. What is the thousands digit of i(-7)?
1
Suppose 3*c - x + 136 = -742, -5*c = 5*x + 1430. Let v be c/6*3/((-3)/2). Let g = 147 - v. What is the tens digit of g?
5
Let q = -429 + 459. Suppose 3*w = -0*w + 12, -5*n + 4*w = 61. What is the tens digit of q + n/((-18)/8)?
3
Let b(v) = -v**3 + v**2 - 7*v - 1. Let d be b(7). Let m be 482 + (8 - (6 + -10)). Let z = d + m. What is the hundreds digit of z?
1
Suppose 286*f + 187 = 2306777. What is the thousands digit of f?
8
Suppose 492 - 99 = -3*o. Suppose 0 = -10*n + 1369 + 571. Let r = o + n. What is the units digit of r?
3
Suppose -574016 = -8*w + 4*p, -20*p + 21*p - 71743 = -w. What is the hundreds digit of w?
7
Suppose 0 = -6*g + g + 20. Suppose 5*k + 7 = g*k + 2*p, 0 = -4*k + p - 14. What is the tens digit of ((6/2)/k)/(1/(-36))?
3
Let i(f) = 489*f - 1691. What is the tens digit of i(11)?
8
What is the tens digit of (2361 - 204)/(7/10 - 4/10)?
9
Let m(j) = -j**3 + 31*j**2 + 16*j + 45. What is the tens digit of m(31)?
4
Let q(b) = -21*b - 66. Let a be q(-4). Suppose 8 + 12 = 5*x. Suppose -i + 2*s + a = 0, -3*s + s = x. What is the tens digit of i?
1
Suppose -5*a = 4*q - 36914, 3*a - 10189 = 5*q + 11915. What is the thousands digit of a?
7
Suppose 4*l - 9 = -5*w, 0 = -2*l - 2*w + 3*w + 1. Let f be 0 - l - -7 - (0 - 2). Suppose 0 = -f*v + 357 + 235. What is the units digit of v?
4
Suppose 4*h + 2*x + 48 = 160, -98 = -4*h + 5*x. Suppose 3 + 0 = p, 5*t - p = h. Let g(i) = -i**3 + 7*i**2 - 4*i + 7. What is the tens digit of g(t)?
1
Let n = -7 + 17. Let y(m) = -39 + 0 - 5 - n*m - 21*m. What is the tens digit of y(-6)?
4
Let t(g) = 33*g + 39 + 40 + 21 - 33 - 34*g. Let i(m) = 3*m - 2. Let a be i(3). What is the tens digit of t(a)?
6
Let w = -63 - -269. Suppose -o = -c + w, -2*c - o = -0*o - 409. Suppose c = 4*n - 43. What is the units digit of n?
2
Suppose -9*m = 279 + 153. Let n = 46 + m. What is the tens digit of n + ((-2)/(-6))/(11/5874)?
7
Let f = 2283 - -298. What is the hundreds digit of f?
5
Suppose 473*s + 89795 = 482*s - 299329. What is the hundreds digit of s?
2
Let s(t) = 22*t**2 - 1 + 5*t + 3 - 3. What is the hundreds digit of s(-4)?
3
Suppose 0 = 90*t + 52*t - 417054. What is the hundreds digit of t?
9
Let z = -30712 - -56899. What is the ten thousands digit of z?
2
Let s be (-11)/((-66)/(-16))*6/(-4). Suppose s*c + b = 9, -c - 2*c - b = -6. Suppose 0 = -c*d - 0*d + 4*n + 186, -4*n = 5*d - 278. What is the tens digit of d?
5
Let y(a) = -241*a - 138. What is the units digit of y(-36)?
8
Let g(x) = -3*x + 68. Let c be g(21). Suppose 4*o - v + c*v - 8 = 0, -v + 10 = 3*o. Suppose 5*h - j - 162 = -0*j, o*j + 21 = h. What is the tens digit of h?
3
What is the hundreds digit of 30/25*(-186925)/(-10)?
4
Let m = 7787 - 5915. What is the thousands digit of m?
1
Suppose 34*b + 110091 = 544141 + 339280. What is the tens digit of b?
4
Let p(b) = 2*b**2 + 2*b + 122. Let u be (58 - (4 + -2))*(-4 + 2). Let v be ((-2)/7)/1 - u/392. What is the units digit of p(v)?
2
Let z(p) = -p + 5. Let q be z(-1). Suppose 3*d = q*d + 51. Let m = 10 - d. What is the tens digit of m?
2
Let c be 12 + -12 - (207 + -2). Let f = -78 - c. Suppose -3*x = -u + 37, 3*u - f = -0*u + x. What is the tens digit of u?
4
Let b be (-1)/10*4*45/(-9). Suppose -2*s - 13 + 1603 = b*r, -r = -5*s - 795. What is the tens digit of r?
9
Let j be 1989/63 - 3/(-7). Suppose -6*w = -4*w - 88. Let z = w - j. What is the units digit of z?
2
What is the thousands digit of (444190/(-688))/((-1)/56)?
6
Suppose -120 = 46*t - 44*t. What is the hundreds digit of 6996/10 + (-24)/t?
7
Let m = -19777 + 63604. What is the tens digit of m?
2
Let m(g) = -4*g - 30. Let q(n) = -n - 2. Let l(i) = -2*m(i) + 6*q(i). What is the tens digit of l(32)?
1
Suppose -128380 = -5*f - p, 3*f + 92*p - 93*p - 77036 = 0. What is the ten thousands digit of f?
2
Let h = -563 - -1103. What is the hundreds digit of h?
5
Let n(q) = q**3 + 6*q**2 + 2*q - 15. Let d be n(-6). Let l be (1*d)/3*(-3)/9. Suppose 56 = l*w + 2*j - 470, 0 = -3*w - 4*j + 518. What is the units digit of w?
8
Suppose 7*m = 3*m + 5*b + 2085, 5*b + 1565 = 3*m. Suppose 3*i + m = 4*i. What is the hundreds digit of i?
5
Suppose -2*l + 3*l - 12